p(x) be the third derivative of 5*x**4/24 - x**3/2 + x**2. Suppose -4*h - 15 = -9*h. Let n be p(h). Calculate the highest common factor of n and 8.
4
Suppose 70 = -4*k + 3*o, 2*o - 58 = 3*k - 3*o. Let j be (21/(-2))/(3/k). Calculate the greatest common factor of j and 14.
14
Let z = 29 - 26. Suppose 0 = z*t + 2*x - 12, x = -0*x - 3. What is the greatest common divisor of 3 and t?
3
Let h be (22 - 0) + (10 - 8). Suppose 6*m - 4*m = h. Calculate the greatest common factor of 72 and m.
12
Suppose z = 6*z - 30. Let k(p) = -2*p**2 + 22*p + 4. Let q be k(11). Calculate the greatest common divisor of z and q.
2
Let b be (5/(-2))/(11/(-66)). Let h be 1 + (3 - 5 - -16). Calculate the greatest common factor of h and b.
15
Let w(s) = 21*s + 58. Let p be w(0). Calculate the greatest common factor of 4 and p.
2
Suppose 38 + 14 = 2*i. Calculate the highest common factor of i and 2.
2
Suppose -24 = -3*j - 20*n + 21*n, j + n = 8. Let i be (-127)/(-4) + 2/8. Calculate the highest common factor of i and j.
8
Let z = 25 + -14. Suppose -8 = -4*i + 28. Let f be (-3)/9 + 201/i. What is the highest common divisor of z and f?
11
Suppose 288 = 7*s - s. What is the highest common factor of 2928 and s?
48
Let c = 37 + -4. Let l(t) = 12*t**3 + 5*t**2 + 31*t - 99. Let i be l(3). What is the highest common divisor of c and i?
33
Suppose -4*p = 8, -3*x + 43*p + 281 = 45*p. What is the greatest common divisor of x and 152?
19
Let h(r) = -r**2 + 6*r. Let l be h(5). Let z be (14/(-6))/(4/(-12)). Let v be (z/(-2))/((-7)/70). Calculate the greatest common divisor of v and l.
5
Let s(j) = 3*j**3 + 6*j**2 - 3*j - 16. Let d be s(5). Let r = -208 + d. Calculate the highest common divisor of 26 and r.
26
Suppose 2*a - 5*v + 25 = 3*a, -43 = -2*a - 3*v. What is the highest common divisor of 30 and a?
10
Let q(s) = -42*s - 75. Let j be q(-2). Calculate the greatest common divisor of 8 and j.
1
Let j be 9/6 + 84/8. Calculate the highest common divisor of j and 588.
12
Let o = 185 + 199. Calculate the highest common factor of 48 and o.
48
Let y be (-6692)/98 - 2/(-7). Let o = -44 - y. Calculate the highest common factor of 12 and o.
12
Suppose 0 = 2*l - 3*l + 67. Suppose f - 3*x - l = 2*f, -4*f = -x + 294. Let z = 124 + f. What is the greatest common factor of 17 and z?
17
Let f(g) be the first derivative of -31*g**2 + 13*g - 5. Let z be f(-6). Let p = -275 + z. Calculate the greatest common factor of 11 and p.
11
Let k = 6 - -13. Let f = k + -25. Let o be 405/36 + f/(-8). What is the highest common factor of 132 and o?
12
Let i = 24 + -15. Suppose 0 = 2*a + 3*p - 15, a = 3*p - 5*p + 10. Suppose -7*v + 5*v + 36 = a. Calculate the highest common divisor of v and i.
9
Suppose -205*u = -172*u - 3465. What is the highest common factor of u and 210?
105
Suppose 3 = -5*u + 18. Suppose u*y - 6 = y. Let g(z) = -2*z + 23. Let p be g(-5). Calculate the greatest common factor of p and y.
3
Let o = 78 - 30. Let t(v) = -95*v**3 - 2*v - 1. Let u be t(-1). Suppose -o = -3*y + u. What is the highest common divisor of 12 and y?
12
Let a(q) = -q + 3. Let h be a(-4). Suppose 2*j + 3*j + 5*z = 35, 3*z = 2*j - 14. Calculate the highest common divisor of j and h.
7
Let k be 108/9 - -179 - (1 - 6). Calculate the highest common factor of 224 and k.
28
Suppose 7*l + 442 = 20*l. What is the highest common factor of l and 238?
34
Let g = 170 - 130. What is the greatest common divisor of 640 and g?
40
Suppose 0 = 3*z + 5 - 155. Suppose 3*m - 1 - 29 = 0. Calculate the greatest common factor of m and z.
10
Suppose 3*g + 4 - 19 = w, 0 = -w + 5*g - 25. Let c be (-1 - w) + 4 + 13. Calculate the greatest common divisor of c and 128.
16
Let f(j) = -2*j**2 - 8*j - 27. Let k(v) = -v**2 - v. Let h(z) = -f(z) + k(z). Let u be h(-5). Calculate the highest common factor of u and 153.
17
Let g(q) = -11 + 2 + 6*q + 5. Let h be g(2). Let d = h + 6. What is the highest common factor of d and 112?
14
Suppose -j + 24 = -2*v - 30, -4*j = -4*v - 236. What is the greatest common divisor of 704 and j?
64
Suppose 0 = 53*p + 95 - 625. What is the highest common factor of 25 and p?
5
Let q be (-88)/(-12) + 2/(-6). Let j = -191 - -268. Calculate the greatest common factor of q and j.
7
Let r = 15 + 66. Let i = -69 + 65. Let n be -1*(40/i + 1). What is the highest common factor of n and r?
9
Suppose 0 = -5*i + 15, 2*m - 14 = -3*m - 3*i. Let c be (-1 + m)/(3/1). Let v = 69 - c. What is the highest common factor of 23 and v?
23
Suppose -2 = -d - 0. Suppose -3*h - 17 = -c, d*c - 3*c = -5*h - 9. Calculate the greatest common factor of c and 145.
29
Let c = 9 - 3. Suppose -4*x = -v - 166, 4*x - 4*v = 4 + 156. What is the highest common factor of c and x?
6
Suppose -i + 2*i = -4*d + 21, -45 = -5*d + 5*i. Let m = 17 - 8. Calculate the greatest common factor of d and m.
3
Suppose -4*g = 2*r + 3 - 25, 2*r - 18 = -3*g. Let b be (42/12)/(14/40). What is the greatest common divisor of b and g?
2
Let k(l) = 4*l - 8. Let r be k(3). Suppose -b + 2 + 93 = r*p, 4*b = -4*p + 392. What is the highest common factor of b and 9?
9
Let w = -232 + 248. Suppose -123 = -5*j + 77. Calculate the greatest common divisor of j and w.
8
Let p = -158 - -268. Suppose 0 = x + 3*j - 28 + 10, x + 14 = 5*j. Suppose x*z - z - 100 = -2*s, 2*z = -s + 39. Calculate the greatest common divisor of z and p.
22
Let p = -57 + 88. Let q be (-155)/15*-5*3. What is the greatest common factor of q and p?
31
Let f be (-17 - 5)*14/(-4). Let s = f - 75. What is the greatest common factor of 1 and s?
1
Let d(g) = 2*g**2 - 5*g - 5. Let y be -8 + 4 - (-9 - -3)/(-2). Let x be d(y). What is the highest common factor of 16 and x?
16
Let l(g) = g**2 + 5*g + 36. Let s be l(0). Calculate the highest common factor of s and 30.
6
Let r(u) = 5*u. Let o(j) = -2*j + 29. Let c be o(14). Let i be r(c). Calculate the highest common factor of 15 and i.
5
Let d(g) = 2*g - 2. Let i be d(5). Suppose 0 = 3*w - i*w + 125. Suppose 5*p = -w + 95. What is the greatest common divisor of 70 and p?
14
Let k(j) be the third derivative of j**5/60 - 5*j**4/24 - 23*j**3/6 - j**2 - 3*j. Let c be k(-6). Calculate the highest common factor of 387 and c.
43
Let i = -18 - -1101. What is the highest common factor of i and 57?
57
Let z(a) = -5*a - 55. Let w be z(-14). Suppose -14 = -w*j + 13*j. What is the greatest common divisor of j and 77?
7
Suppose 0 = 43*n - 35*n - 440. Let y = -52 + n. Calculate the highest common divisor of y and 7.
1
Let l = -1070 + 1758. What is the greatest common divisor of l and 64?
16
Let d = -12 - -14. Let l(t) = -1. Let w(i) = i + 12. Let n(q) = 22*l(q) + 2*w(q). Let g be n(d). What is the highest common factor of g and 9?
3
Let j be 1143/12 - 15/(-20). What is the highest common factor of j and 120?
24
Let c(s) = 23*s + 12. Let f be c(6). Let q be (4/(-6))/((-4)/f). Suppose 6*v - v - 25 = 0. Calculate the greatest common factor of q and v.
5
Let v = 9 - -14. Suppose -v = -i - 2*m, 2*m = 5*i - m - 76. Let z = 298 - 179. What is the highest common divisor of i and z?
17
Suppose f - 8 = -2*a - 3*f, 21 = 4*a + 3*f. Suppose 0 = a*b - 35 - 31. Calculate the highest common factor of 88 and b.
11
Suppose -5*m + 5*f = 0, 3*m - 3*f + 7*f = 35. Suppose 5*d = 42*d - 2405. Calculate the highest common factor of m and d.
5
Let g = 105 + -97. Suppose 0 = b - 70 + 14. Calculate the greatest common divisor of g and b.
8
Let r = 637 - 118. Let j = r - 330. What is the greatest common factor of j and 27?
27
Let w = -38 - -43. Suppose 15 = -w*j + 85. Calculate the highest common divisor of j and 2.
2
Suppose 23*z - 27*z + 2552 = 0. Calculate the highest common divisor of z and 232.
58
Suppose 280 = -5*g + 1215. Let a(b) = -b**3 + 28*b**2 + 28*b + 46. Let l be a(29). What is the highest common factor of g and l?
17
Let c = 104 - 64. Let a(d) = -d**2 - 6*d - 4. Let g be a(-4). What is the highest common factor of g and c?
4
Suppose -y = 3*y + 12. Let m(s) = s**2 + 4. Let w be m(y). Let x be ((-32)/(-6))/(44/858). What is the highest common divisor of x and w?
13
Suppose -4*l = o - 270, -4*o + 4*l + 168 = -912. What is the greatest common divisor of o and 40?
10
Suppose -o - 3*p = p + 1, 5*p = 5*o - 95. Suppose -3*u + 0*u - o = 0. Let c(q) = q**2 + 2*q + 7. Let h be c(u). What is the greatest common divisor of 33 and h?
